(b). What is c(-2)?
-5
Let w(d) = -2*d**3 - 1 + d**3 - 2 + 3*d. Let k = -7 + 9. Calculate w(k).
-5
Let j(m) = -3*m**2 + m - 1. Suppose 3*f + 2*f = 10. Let t(u) = 13*u**2 - 4*u + 3. Let p(k) = f*t(k) + 9*j(k). Give p(3).
-9
Let v(s) = 2*s**2 - 8*s - 9. Let m(j) = 5*j**2 - 16*j - 19. Let a(q) = 3*m(q) - 7*v(q). Let w be a(-7). Let t(b) = -1 + 6*b - 9*b - 7*b. Calculate t(w).
9
Let p(y) = y + 2. Let r be p(-2). Let l be (-4)/(-1) - (r - -1). Let h(d) = -d**3 - 7*d + 2*d**l + 12*d - 5 - 5*d**2. What is h(4)?
-1
Suppose 5*t - 5*u = -50, 4*t + 3*u + 5 = -0*t. Suppose 4 = 8*q - 12*q. Let w = t - q. Let z(a) = -a**3 - 3*a**2 + 3*a - 2. What is z(w)?
2
Let j(a) be the second derivative of a**5/20 - 5*a**4/12 - a**3 + a**2 - 4*a. Calculate j(6).
2
Let q(w) be the first derivative of 1 + 0*w + 1/2*w**2. Determine q(3).
3
Suppose -3*t + c - 28 = -8, 4*t - c = -25. Let n(r) be the second derivative of -r**4/12 - 5*r**3/6 + 2*r**2 - 2*r. Determine n(t).
4
Let r(s) = -5*s**2 + 10*s**3 + 1 + 0*s**2 - 11*s**3 - 5*s - 5. Determine r(-3).
-7
Let x(b) = -b**2 + 7*b - 8. Let i(w) = -w + 8. Let z be i(8). Suppose 12 = -z*r + 2*r. Determine x(r).
-2
Let p(d) be the first derivative of d**4/4 + 7*d**3/3 + 5*d**2/2 - 6*d - 2. What is p(-6)?
0
Let s(m) = -5*m + 5*m**2 - m**3 + 1 + 0*m**2 + 2*m. Suppose -2*l + 4 + 4 = 0. What is s(l)?
5
Let p = -5 + 9. Let y = p - 2. Let v(m) = -3*m + 2*m**y - m + 3*m. What is v(-2)?
10
Let q(w) = -3*w. Suppose 0*u + u = 5*h - 46, 0 = -3*h - 5*u + 50. Let j be 2/(-5) - (-114)/h. Let a be (-10)/(-15) - j/3. Determine q(a).
9
Let k(i) = -i - 3. Let t(o) = -11 + 10 + 2. Let q(y) = k(y) - t(y). Calculate q(0).
-4
Let h(c) = c**3 - 5*c**2 + c - 2. Let k(b) = b**2 - 8*b - 4. Let r(z) = 4*z**2 + z. Let g be r(1). Suppose -g*t + 22 + 23 = 0. Let y be k(t). Give h(y).
3
Let j(v) = -3 - v**3 - 2*v**2 - 3*v - 4*v**2 + 12*v**2. What is j(5)?
7
Let d be 2 - (-4 - 0 - -3). Let r(c) = -7*c**2 - 3*c - c**3 - 3 + 2*c**3 - 3 + d*c**2. What is r(5)?
4
Let k = 3 + 1. Let u(b) = -b + 2. Let m be u(0). Let c(d) = -3 - 3*d - m*d - d + 5*d. Give c(k).
-7
Suppose 0 = -7*p + 5*p - 6. Let n(m) = -8*m**3 - 4*m**2 - 2*m - 4. Let o(i) = 17*i**3 + 9*i**2 + 5*i + 9. Let h(t) = p*o(t) - 7*n(t). Determine h(1).
6
Let j be -2 - (-8 + 3) - 0. Let y be -12*(-2 + 6/4). Let h(a) = -y - 1 + j - a. Give h(-3).
-1
Let a be (2/(-7))/((-7)/98). Let t(v) = v + 5. Determine t(a).
9
Suppose -24 = -0*l - 6*l. Let p(j) = 2*j - 3. Determine p(l).
5
Let q(n) be the second derivative of -n**5/2 + n**2/2 + n. Let g = -310 + 311. Calculate q(g).
-9
Let j(o) be the third derivative of -o**6/120 - o**5/20 + o**4/24 - o**3/3 + o**2. Let w = -6 - -3. Calculate j(w).
-5
Let h(p) = p**2 + 15*p**3 - 2*p - 2 + 3 - 13*p**3. Suppose 3*l = 2*g + 3, -5*g + 0 = -3*l - 6. Let f = -2 + l. What is h(f)?
2
Suppose -2*w + 10 = 3*w + 2*j, -5*w + 3*j - 15 = 0. Suppose w*g - 18 = -2*g. Let v(f) = 1 - 7*f - 3*f**2 - 4 + g*f + 2*f**3. Calculate v(2).
5
Let k be (-2)/(-9) + 5/18. Let m(g) be the second derivative of -2*g + 2*g**2 - k*g**3 + 0. What is m(3)?
-5
Let s(d) = -d**2 - 1. Let o(x) = -2*x**2 - 3*x - 8. Let i be (-2 - 1)*(-14)/6. Suppose 22 - i = -5*q. Let p(v) = q*s(v) + o(v). What is p(5)?
5
Let h(u) = 2*u + 1. Let g(f) be the first derivative of -f**2/2 + 4. Let v(k) = 3*g(k) + h(k). Give v(2).
-1
Let r(t) = -t**3 - 6*t**2 - 2*t - 5. Let m(d) = -d**2 + 4*d + 6. Let p be m(6). Calculate r(p).
7
Let r = 8 - 6. Let v(u) = 5 - 2 + 0*u - r*u + u. Calculate v(-4).
7
Let j(m) be the first derivative of 7*m**2/2 - 46. What is j(-4)?
-28
Let x = 88 - 89. Suppose 3*f + 3*h = 0, -4*f + 4*h = -2*f - 18. Let z(k) = f + 3*k - 3. Give z(x).
-3
Let k(d) = -4*d**2 - 4*d - 12. Let y(r) = r**2 + r + 4. Let x(s) = 2*k(s) + 7*y(s). Let m be x(3). Let h = -4 - m. Let q(v) = v**2 - 3*v + 1. Calculate q(h).
5
Let p(z) be the second derivative of -z**4/6 + z**3/6 + 27*z. Calculate p(-1).
-3
Let s(l) = -l**3 - 7*l**2 - 6*l. Let u be s(-6). Let v = 2 - u. Let k(y) = -3*y**2 + y**v - 3*y + y**2 + 3. Calculate k(-5).
-7
Let r(l) = -109*l**3 + 54*l**3 + 54*l**3 + 2 + 2*l**2 - l. What is r(2)?
0
Let g(o) be the second derivative of -o**3/6 - o**2 + 13*o. Determine g(5).
-7
Let v(z) = -2 + 5 + 5*z + 300*z**2 - 298*z**2. Give v(-3).
6
Let c(x) = -x**3 + 3*x**2 + 4*x - 3. Let n(y) = 2*y**3 - 6*y**2 - 7*y + 5. Let a(f) = -11*c(f) - 6*n(f). Determine a(3).
-3
Let q(a) be the second derivative of 0 + 0*a**4 + 1/6*a**3 + a**2 - 1/20*a**5 + 2*a. Give q(2).
-4
Let b(k) = 3*k - 1. Suppose -3*a - 13 = -p - a, 0 = -5*a - 5. Let z = -7 + p. Suppose z = -r - 0, -2*i = 2*r + 4. Determine b(i).
5
Let r(y) be the first derivative of y**4/4 - 8*y**3/3 + y**2 - 12*y + 22. Give r(8).
4
Let j(s) = s**2 - 7*s + 8. Let h(n) = -2*n - 1. Let u be h(-2). Let r be ((6 - u) + 3)/1. Let g be j(r). Let c(b) = -b**3 + 2*b**2 - 2*b. Give c(g).
-4
Let d(i) = -i**2 - 3*i + 3. Let o = 2 - 8. Calculate d(o).
-15
Let d be (-3)/(-1) + -11 - -3. Suppose -4 = 5*i + 6. Let k be i/5 + 23/d. Let c(f) = -f**2 - 3*f + 4. Determine c(k).
-6
Let y(w) = -5 - 1 + 3 + 1 + w. Let o be y(3). Let f(p) = p. Let m(d) = 2*d**3 - 2*d**2 - 3*d - 2. Let j(q) = o*m(q) + 4*f(q). Determine j(2).
8
Let g(f) = f + 8. Let d be g(-8). Let r(c) = c**2 + c + 6. Calculate r(d).
6
Let z(t) = -t. Let k(y) = 2. Let p(s) = -k(s) - z(s). Let q(l) = -l**3 - 2*l**2 + 5*l + 3. Let m = 11 - 14. Let o be q(m). Determine p(o).
-5
Let w be ((-13)/(-13))/(2*2/4). Let s(g) = 4*g**3 - g**2. Calculate s(w).
3
Let t(l) = 4 - 41*l + 29*l - 6. Let f(i) = -i. Let w(q) = 10*f(q) - t(q). Determine w(-3).
-4
Let f(y) = 5*y**2 + 4*y**2 - 5*y**2 + y**3 + 0*y**2 - 5*y. Determine f(-5).
0
Suppose 3*l + 0*l = 6. Suppose -l = -5*u + 3. Let w(s) = 2*s + 1. Calculate w(u).
3
Let t(n) be the second derivative of n**4/6 - n**3 + n**2/2 - 6*n. Determine t(4).
9
Let p(h) = -1 + 7*h + 3*h**2 + 5 - 2*h**2. Suppose 5*m - 1 = -26. Give p(m).
-6
Let b(l) = 3*l - 1. Let y(x) = 4*x - 2. Let i(a) = 3*b(a) - 2*y(a). Let z be i(-4). Let w(f) = f**3 + 3*f**2 - 2*f - 1. Give w(z).
5
Let b(f) = -f + 1. Let h(q) = q**2 - 13*q + 14. Let d(j) = 6*b(j) - h(j). Let a(v) = -v**2 + 5. Let w be a(0). Suppose -w*p = -10*p + 30. Calculate d(p).
-2
Let f(v) = -5*v**2 - v. Let c be -2*((-3)/6)/(-1). Calculate f(c).
-4
Let k(n) = -2 + 6 - n - 1 - 1. What is k(0)?
2
Let q(b) = -b**2 - 9*b - 10. Let k be q(-7). Let t(l) = 3*l - 4*l**2 + l**2 + k*l**2 - 2. Give t(-4).
2
Let s = 105/2 - 52. Let w(j) be the third derivative of -2*j**2 - 1/24*j**4 + 0*j + s*j**3 + 0 - 1/30*j**5. Determine w(-3).
-12
Let a(h) be the third derivative of h**5/60 - h**4/3 + h**3/2 + h**2. Suppose -3*j = -2*j - p - 5, 5*j - p = 33. Calculate a(j).
-4
Let o(j) = -j - 9. Suppose 35 = -4*r - r. Calculate o(r).
-2
Let f(m) be the second derivative of -m**4/12 - 5*m**3/6 + m**2 - 11*m. Calculate f(-4).
6
Let r(z) = 12*z - 2. Let a be r(2). Suppose -l = -5*l - 5*f + a, -2*f = 3*l - 13. Let k(y) = -y**2 + 6*y - 1. What is k(l)?
8
Suppose -1 = j - 5. Let g(l) = l**2 - l - 4. Calculate g(j).
8
Suppose -4*h = -v + 8, 3*v + v + 25 = -3*h. Let m(z) = -z**3 - 3*z**2 + 4*z - 4. Give m(v).
-4
Let i(x) = 2*x + 3. Suppose -4*r = 3*o + 16, -6*o - 5*r - 21 = -2*o. Determine i(o).
-5
Suppose 25 = 5*g, -3*p - g = 2*g - 30. Let u(i) = -6*i**3 + 3*i**2 + 7*i + 7. Let y(m) = 5*m**3 - 3*m**2 - 6*m - 6. Let n(j) = p*y(j) + 4*u(j). Calculate n(3).
-8
Suppose -6*m - 8 + 2 = 0. Let p(y) = -28*y**3 + 2*y + 1. Give p(m).
27
Let t(b) = b - 1. Let o be 4/(-1 - 2/(-6)). Calculate t(o).
-7
Let q(b) = -2*b**2 + 3*b + 3. Let y be q(3). Let h(i) = i**3 + 6*i**2 + 4. Give h(y).
4
Let j be ((-4)/(-1))/(-2 - -4). Let p(f) = -j + 0*f**2 - 1 - f**2 - 3*f. Let q(g) = -g**3 + 6*g**2 - 7*g + 7. Let x be q(5). Calculate p(x).
-3
Let b be ((-14)/(-49))/(2/56). Let x(s) = -s + 9. Give x(b).
1
Let k be (10 + -2)/(1*2). Let s = -4 + k. Let y(l) be the third derivative of -l**5/60 + l**4/24 + l**3/2 + l**2. What is y(s)?
3
Let b(f) = -2*f**3 - f**2 + 8*f**3 - 7*f**3 + 2*f + 1 - f**2. Determine b(-3).
4
Let p be (-44)/(-10) + (-12)/30. Suppose -2*h = 2*u - 6, 6*h - p*h = -u + 7. Let f(q) = q**2 - 3*q - 3. Calculate f(h).
1
Let b(d) = -d**3 - 3*d**2 + 5*d + 3. Suppose 5*s - 6 = -26. Determine b(s).
-1
Let f(l) = l**2 + l - 4. Suppose 7